 - 8)
-16
What is the value of (15 - 32) + (53 - 44)?
-8
Calculate 78 + (43 - 105) - (-4 + 4 + 1 - 4).
19
What is the value of 22 + (2 - (4 - -4)) + 12?
28
Calculate -3 + (13 - 57) + 24 + (5 - 1).
-19
Calculate (1095 - 1060) + -2 + -40.
-7
What is -18 - (70 - 29) - -92?
33
Calculate 0 + 8 - (-24 + -17 + 31).
18
What is 24 + (20 - 54) - (58 + 1 + (-3 - 1))?
-65
What is -24 + 0 - (4127 + -4199)?
48
What is the value of (-1 - 4) + -88 - (-15 - 1 - (-199 - -182))?
-94
9 + -2 + (-101 - -22 - (-3 + (2 - 1)))
-70
Evaluate 1 + -50 - (18 + (-52 + 25 + 5 - -15)).
-60
What is the value of -92 - (40 - (41 - -49))?
-42
107 + -26 + -18 + -10 + -15
38
(1 - 2 - (19 + -6 + (-26 - -21))) + 0
-9
Calculate 0 + 55 + -9 + -28 + -71.
-53
(-37 - (114 - 51)) + 45
-55
What is (1297 - 1312) + -22 + -3?
-40
What is the value of 13 + (-6 - -9) + -19 - (-1 - -71)?
-73
Evaluate -31 + (32 + -32 - (-14 - -2)) + -6.
-25
(-58 - -23 - -33) + 1 + -36
-37
Calculate (76 - 68) + (1 - -1) + -29 + (-23 - -39).
-3
Calculate (-490 - -247) + 245 + (2 - (-2 + 2)) + -39.
-35
Evaluate (-13 - 1 - (9 + 30)) + (4 - 6 - -2).
-53
Calculate (168 - 374) + 180 + (-86 - -1).
-111
Evaluate -9 + (-8 - -74) + -6 - (-3 - (-1 - -8)).
61
Evaluate 1074 + -1077 + (3 - 7 - -25).
18
10 + (72 + -32 + -43 - -35)
42
Evaluate (261 - 130) + -24 + 12 + -30.
89
(8 - (5 - 9)) + -3 + (1 - 5) + -10
-5
Evaluate -17 + 48 + 7 + 3 - (21 - 0).
20
(0 - 24) + -38 + (-36 - -62)
-36
-35 + 94 - 26 - 27 - 15
-9
Calculate 1 - 0 - (1 + -42 + -39).
81
What is 3 + (-2 - 16) + -7 + 10 - (61 - -14)?
-87
275 + -304 - (-1 + 2) - (10 - 7)
-33
((-40 - 4) + 22 - 22) + 0 + (2 - 5)
-47
4 + -8 + -66 + 20
-50
Evaluate -9 - 1 - (-14 + 3 + -122 + 100).
23
Evaluate -15 + 84 + -20 - 112.
-63
-6 + 30 + 118 + -113 + (-8 - 0)
21
0 + 7 + -8 - (-4 + (-10 - 0))
13
30 - (-28 + 1) - (7 - -23 - 10)
37
What is 12 + (25 - -8) - (18 - 9) - (1 - 3)?
38
-10 + -184 + 64 + 102
-28
0 - 22 - -16 - -12 - 63
-57
What is the value of 17 - (8 - (-12 + (18 - 9)))?
6
(34 + 6 - (-3 + 42 + -19)) + 27
47
Evaluate (-20 + 32 - (9 - (5 + 3))) + 44.
55
What is the value of 1 + -11 - (-15 + (-34 - -75) + 0)?
-36
(-57 + 65 - (0 + 17)) + (-1 - 21)
-31
Evaluate 4 - -4 - (40 + (-68 - 3)).
39
Calculate -1 + -1 + 46 - (-1414 - -1421).
37
Evaluate -8 + 0 - (-4 - ((-4 - -7) + (7 - 4))).
2
-17 - (-336 + 271) - (0 + 94)
-46
Evaluate -91 - (-2 - (39 + 16)).
-34
What is the value of 27 - -14 - -9 - 22?
28
What is the value of 102 - 116 - (-3 - -41 - (-4 - -8))?
-48
What is 74 - (53 + 45 + -47)?
23
What is -144 - (-60 + -7) - (0 + -20)?
-57
What is the value of -30 + 129 - ((-27 - -20) + 22)?
84
Calculate -6 + (8 - 1) + -5 + -27 + 33 + 20.
22
Calculate 13 - (48 - 5 - -6).
-36
What is the value of 62 - (37 - (51 + -35))?
41
Evaluate 8 + 13 + (14 - 19) + 5.
21
(-72 - (-76 + 57)) + 10
-43
Calculate (-1 - -15 - 31) + 16 - -7 - (63 - 1).
-56
28 + (-5 - 26) - (5 - (-1 - 3))
-12
Calculate (-1 + 7 - (19 - (53 - (-19 - -7)))) + 7.
59
What is the value of (-32 - (1 - 17)) + 23 - -6?
13
-142 + 4 - (-1608 - -1524)
-54
Evaluate (8 - -1) + -1 + -43 + (-51 - (49 + -83)).
-52
Evaluate -26 + 14 - (-2 + (-28 - 6)).
24
Calculate (23 - 9) + (2 - -37 - (-85 - -92)).
46
What is the value of (75 - (-2 - (10 - (-3 + 4)))) + -8?
78
2611 + -2653 - (-1 - (2 - 12))
-51
What is the value of (-15 - (-16 + 64)) + 26 + 2 + 3?
-32
What is (1 - 6) + (36 - 33) + -7 + 12 + -24?
-21
What is the value of 52 - (33 - -10 - 32)?
41
What is the value of 0 + 21 - (-27 + (-64 - -104))?
8
What is the value of (-2 - 0) + -114 + (8 - 17 - 1)?
-126
0 - (3 + -4 + 2 - (82 + 42)) - 11
112
What is the value of (-5 - (2 + -1 + -59 + 48)) + -5 - 9?
-9
Calculate (-58 - -28) + (-3 - -13) - -36.
16
(6 - 8 - -16) + (4 - 17 - (0 - 12))
13
Calculate 16 + (-8 - -15) + -26 + 45.
42
What is -19 - (-59 + (16 - 29) - (2 - -6))?
61
0 + 61 - (25788 + -25696)
-31
Calculate -24 - (3 + -84 - (-29 + 6)).
34
What is -97 + (-23 - -99) - (6 + -12 - 66)?
51
-759 + 702 - (1 + -24)
-34
(-6 + 12 - -27) + 219 + -225
27
What is the value of 4 - (-2 + -2 + 54 - (-27 + 19 + 11))?
-43
Evaluate 2 - -9 - (-7108 + 7097).
22
Calculate 1804 + -1812 - (56 - 1).
-63
15 - (33 + 2 + 358 + -384)
6
What is the value of ((-2 + -12 + 16 - 5) + 16 - 10) + -5?
-2
What is the value of 108 + -105 - 18 - (39 - -2)?
-56
What is 816 + -811 + (-54 + 2 - 1)?
-48
Calculate (-9 - (4 - (-1 + (7 - -4)))) + 52.
49
Evaluate 2 + (-88 - 0) - (15 + 14 - (36 + 5)).
-74
-60 - -119 - ((6 - 3) + -26)
82
Evaluate 21 + (-68 - (1 - -32)) + 0.
-80
What is 1591 - 1603 - (1 + -1 + 1)?
-13
Evaluate (-1 + -6 - -48) + (23 - -22).
86
Calculate -285 - (-204 + -122) - (152 + 1).
-112
(-7 - -11) + 7 + 1 + 27
39
(2 - 26) + (-25 - -199 - 100)
50
What is 62 + (-2 + -1 - 2 - 1 - (-742 + 728))?
70
What is 1 + 6 + (-12 + 51 - 31) + 66?
81
Evaluate -55 - -5 - (-77 - -1).
26
(68 - (0 - -2 - (100 - 108))) + -3 + -2
53
What is 24 - (7 - (-13 - 6 - -23))?
21
-4 - (-17 + 10) - (-8 + -5 + 12)
4
(-21 - (23 + -9 - 38)) + 7
10
What is the value of 98 + -39 + -44 + (3 - -8)?
26
What is -9 + 7 + (7 - 17) + (9 - 4 - 8)?
-15
What is the value of 12 + (-15 - 38) + 60?
19
Calculate -56 + (81 - -52) - 89.
-12
What is the value of 0 - (0 - 1) - (10 + 83 - 96)?
4
What is -8 - (18 + -4 + -15 + 6) - -32?
19
Calculate 102 + (74 - 172) - ((-1 - (-43 + 4)) + 5).
-39
Evaluate -74 - ((-22 + -51 - -21) + 34).
-56
Calculate -49 + (-5 - (-12 + 2) - 4) + 10.
-38
What is (-26 - -44) + 44 + -40 + 0 + -18?
4
0 + (-11 + (54 - 17) + -5 - 95)
-74
-70 - (-25 + -71) - 76
-50
Evaluate (76 - 25) + (49 - 54).
46
Evaluate 67 + (113 - (-2 - -73)).
109
0 + -11 + (45 - (-16 - -29 - -38))
-17
Calculate 93 + 1 - (57 - (-1 - -41)).
77
Evaluate 1 + (8 - -2) - (-9 - 116 - -89).
47
Calculate -34 + -168 + 175 - (-1 + -3).
-23
What is (49 - 60 - 55) + (-1 - -2)?
-65
3 + 39 + 3 + -19 + -9
17
What is the value of (10 + (-1 - (-10 + 23)) - 0) + 3 + 7?
6
(23 - 3) + -3 + (-1 - 7 - (-1593 + 1578))
24
What is the value of (24 - -19) + -78 + 114?
79
What is the value of 89 + -242 + (86 - 11)?
-78
Calculate 0 + 26 + -5 + 11 + (-27 - -8).
13
Calculate 35 - (13 - (-30 - -81)).
73
11 + 2 - 5 - -7 - 58
-43
What is the value of 9 - (-7 - -9 - -11) - (95 - 53)?
-46
Calculate 0 - (-235 + 222 + (2 - -43 - -3)).
-35
What is 122 + 1 + (4 + (-14 - -14) - (18 - -2))?
107
What is (-9 - (-17 - (15 - -37))) + -4 - 18?
38
Evaluate 54 - ((-21 + 26 - (4 + -4)) + (15 - 12)).
46
What is 15 + (-45 - 71 - -129)?
28
Calculate -98 + (53 - -12) - -83.
50
(-36 + 1 - ((-22 - 35) + 49)) + -5
-32
What is the value of 3 - ((-16 - -2 - (21 + -28)) + -2)?
12
What is the value of -52 - (93 + -78 - 104)?
37
What is 6 + -79 + 29 + 6?
-38
-16 + (7 - (-18 + 13 + -4)) - -33
33
Calculate -28 - (-95 + (-77 - -165)).
-21
What is the value of 13 + -28 + -2 + 29 + -4?
8
Evaluate 14 + (-40 + 26 - -3 - -12) - (-42 - -1).
56
Calculate (-18 - (-12 - -59)) + 66.
1
What is the value of 40 + -81 + (34 - -5) + -61 + 0?
-63
What is (0 + 22 - 40 - (-10 + 0)) + (-5 - 60)?
-73
What is the value of -75 + 3 + 13 - (-4 - (-17 - -5))?
-67
142 + -215 + 52 + 1
-20
What is the value of 34 - -9 - (-83 - -198)?
-72
What is the value of 52 + -37 - ((7 + -13 - 38) + 2)?
57
Evaluate -10 - (7 - -9 - 91).
65
18 + (-43 - -25) - (-3 - (-9 + -12))
-18
Calculate -17 - (-31 + 6) - (-22 + -1 + 31 + -31).
31
What is -10 + 51 + (-116 - -32)?
-43
What is -1 - 17 - (-41 + 62 - 6 - (22 - 2))?
-13
What is the value of (-4 - -2) + -78 + (-185 - -212)?
-53
What is 0 + -18 - (-913 + 913) - (-66 + 0)?
48
Calculate 101 + (41 - (-56 - -163)).
35
What is (-4 - -8) + 9 - (12 - (5 + -14))?
-8
What is the value of -8 - ((-7 - (-5 + 4)) + (19 - (-3 - 4)))?
-28
What is the value of 5 - ((78 - 3) + (-15 - (11 + (-16 - -1))))?
-59
Evaluate (-2 + (5 - -5) - (6 + -1)) + 1 + 60.
64
53 - (41 - 16 - -6)
22
What is 5 + (13 - 5) + 0 - (43 - 1)?
-29
What is (-10 + 29 + -10 - 10) + 54 + (-3 - -2)?
52
Calculate 6 + -3 + -45 + 34 + -4 + 14.
2
Calculate -5 + 6 + -1 + -3 + (74 - 31 - -14).
54
(-41 - -56) + (0 - -3) - (126 + -131)
23
Calculate 65 + (96 + -50 - 183).
-72
What is (-112 - (58 + -116)) + ((3 - 6) + 4 - 5)?
-58
Evaluate 0 - (3 + -2) - (-13 - (-26 + 18)) - 47.
-43
What is the value of 59 - (-2 - 0) - ((103 - 73) + 2 + -35)?
64
Calculate (-2632 - -2625) + (1 - 13).
-19
Evaluate 7